-4)))/(-2)?
18
Let b(t) = -17*t**3 - 2*t**2 - 1. Let l be b(2). Let x = l + 251. Calculate the remainder when x is divided by 27.
25
Let n(b) = b**2 - 5*b - 6. Let c be n(-1). What is the remainder when (-8540)/(-105) - (c + 2/6) is divided by 41?
40
Let n(f) = -22*f - 287. Let q = 49 + -22. Suppose 0*l - 3*l + 53 = 2*j, l + 3*j - q = 0. What is the remainder when n(-15) is divided by l?
13
Let x(n) = 3*n**2 - 4*n - 6. Suppose -8 = 11*h + 14. Calculate the remainder when x(h) is divided by 8.
6
Let w = 58 + -69. What is the remainder when w/(44/(-312)) + 1 is divided by 16?
15
Suppose -47*d - 144 = -48*d. Calculate the remainder when d is divided by 42.
18
Let k be (-3)/(-9) + (-190)/3. Suppose -84 + 4 = 3*o + 5*u, -3*o - 92 = -u. Let j = o - k. What is the remainder when j is divided by 7?
5
Suppose 4*s - 19*s = -1905. What is the remainder when s is divided by 37?
16
Let q = -38 + 63. Let i(c) = -c**3 + c**2 - c + 9. Let b = 0 - 0. Calculate the remainder when q is divided by i(b).
7
Let h be (117/(-26))/(2/(-12)). Suppose 3*f = 51 + h. Calculate the remainder when f is divided by 9.
8
Let d(z) = 5*z**2 + 46*z + 15. What is the remainder when 30 is divided by d(-9)?
0
Let f(y) = -y**3 + 8*y**2 - 6*y - 4. Let z be f(7). Suppose -2*p = 4*m - m - 25, z*m - 17 = 2*p. Calculate the remainder when 18 is divided by m.
4
Suppose -n + 12 - 3 = 0. Suppose -i = 3*k - 24, -3*k + i = -3*i - n. Calculate the remainder when 12 is divided by k.
5
Let p(w) = -w**2 + 3*w + 20. Let z = -223 + 299. What is the remainder when z is divided by p(0)?
16
Suppose 41 = 4*d + 21. Suppose 13 = d*y - 2. Calculate the remainder when 8 is divided by y.
2
Suppose -40 - 21 = -h. Calculate the remainder when 423 is divided by h.
57
Suppose 516 = 311*c - 225*c. Suppose 7 - 1 = 3*g, 2*h = -2*g + 8. Suppose -4*i = -4, -m + 0 + 19 = h*i. What is the remainder when m is divided by c?
5
Suppose 10*j - 8916 = -8166. What is the remainder when 145 is divided by j?
70
Suppose 0 = -9*r + 43*r - 578. What is the remainder when (-4)/6 + (-906)/(-9) is divided by r?
15
Let v(k) = 35*k - 227. What is the remainder when 2211 is divided by v(10)?
120
Suppose -j + 33 = -2*v, 5*j - 2*v - 80 - 77 = 0. Calculate the remainder when j is divided by 272/32 + 2 + (-6)/4.
4
Calculate the remainder when 79 is divided by 28 - (2 + -1) - (5 - -1).
16
Suppose -4*b - 81 = -3*w, 3*b - 100 = -5*w - 2*b. What is the remainder when 106 is divided by w?
14
Let j be (-2)/(-17) + 28/(-238). Suppose j*q = 2*g + 2*q, -5*g = q - 16. Suppose -9 = -3*o + 9. Calculate the remainder when o is divided by g.
2
Suppose 0 = -3*y + 7 + 17. Suppose 7*o = y*o - 35. Calculate the remainder when o is divided by 19.
16
Suppose 0*l + 2*j = -2*l + 32, -4*l + 5*j + 100 = 0. Let y(w) = 8 + 2 - l - 2*w. What is the remainder when 7 is divided by y(-7)?
3
Let v(k) = -4*k**3 + 4*k**2 + 16*k. Let o(g) = -3*g**3 + 5*g**2 + 15*g. Let c(b) = 5*o(b) - 4*v(b). Calculate the remainder when 99 is divided by c(-7).
15
Suppose 2*l + 4*y + 16 = 7*l, 3*y = 3*l - 9. Calculate the remainder when 91 is divided by l.
3
Suppose x - 2*x - 2*d = 155, -5*d + 620 = -4*x. Suppose 1237*g - 84 = 1233*g. Calculate the remainder when 1/(5/(-2))*x is divided by g.
20
Suppose 0 = 2*x - 3*h + h - 4250, -3*x + 6373 = -4*h. Calculate the remainder when x is divided by 15.
12
Let n be (-39)/(-33) + -1 - (-2152)/22. Let a = 144 - n. What is the remainder when a is divided by 4?
2
Let q(k) be the first derivative of -11*k + 2*k**3 - 8 + 19/2*k**2 - 1/4*k**4. What is the remainder when 49 is divided by q(8)?
10
Let j = 94 + -33. Calculate the remainder when j is divided by 17.
10
Let o(z) be the second derivative of -43*z**5/120 + 5*z**3/6 - z. Let t(f) be the second derivative of o(f). What is the remainder when t(-1) is divided by 11?
10
What is the remainder when 2/10 - 16149/(-105) is divided by 13?
11
Let s = 769 + -687. Calculate the remainder when s is divided by 25.
7
Suppose 0 = 2*h - 2 - 2. Let m be (-11 + 3)/(h + -4). Suppose -m*p = -5*o + 36 + 14, -o + 2*p = -16. Calculate the remainder when 21 is divided by o.
3
Let d(i) = -i**2 + 31*i + 23. Calculate the remainder when d(29) is divided by 29.
23
Let t = 44 + -8. Suppose -6*j = -t - 12. What is the remainder when j is divided by 4?
0
Suppose 0*d - 35 = 5*d. What is the remainder when (154/(-8))/7*(3 + d) is divided by 6?
5
Let c(o) = -4*o**3 + 4*o**2 - 1. Let m be c(3). Let d = m + 129. Let f = 14 - -5. What is the remainder when d is divided by f?
18
Let u(g) = 6*g + 317. Calculate the remainder when 272 is divided by u(-40).
41
Let p(m) = 990*m + 30. Let h(o) = -99*o - 3. Let b(g) = -21*h(g) - 2*p(g). Calculate the remainder when b(1) is divided by 21.
18
Suppose -2*o = 28*o - 6780. Calculate the remainder when o is divided by 61.
43
Suppose -5*y + 2*y + 45 = 0. What is the remainder when (-8)/76 + -1 + (-4416)/(-76) is divided by y?
12
What is the remainder when 98 is divided by (1 - (-6)/1) + 4?
10
Let o(h) = 7*h + 2. Let v = -3 + 8. Calculate the remainder when o(v) is divided by 10.
7
Let g = 9 + 6. Let t = -32 + -2. Let b = 60 + t. Calculate the remainder when b is divided by g.
11
Suppose -3*t - 3*y = -474, -8*t - y = -5*t - 482. Calculate the remainder when t is divided by 15.
12
Let k(m) = 6*m**2 + 7*m - 6. Let c(t) = 5*t**2 + 7*t - 6. Let f(v) = 7*c(v) - 6*k(v). Calculate the remainder when (86/110 - 18/99)*15 is divided by f(4).
3
Suppose -5*y - 5*s = -90, 0 = -4*y + s - 2*s + 84. Calculate the remainder when (-3204)/(-30) - (-3)/15 is divided by y.
19
Suppose j - 39 = -r, -4*j + 5*r + 147 = -0*j. What is the remainder when j is divided by 8?
6
Let l = -51 - -65. Let q = 22 - l. What is the remainder when q is divided by 4?
0
Suppose 0 = 4*p + 3*v + 275, -4*p - 10*v + 13*v - 245 = 0. Let o = p + 103. Calculate the remainder when 189 is divided by o.
37
Suppose 0 = -23*o + 36*o - 1131. What is the remainder when o is divided by 25?
12
Let l(x) = x**3 - 21*x**2 + 43*x + 28. Calculate the remainder when l(19) is divided by 32.
27
Let n(r) = -2*r**2 - 2*r + 629. What is the remainder when n(0) is divided by 126?
125
Let r(m) = 3*m**2 - 6*m + 47. Let y be r(9). Suppose 740 = 8*w - y. What is the remainder when w is divided by 31?
29
Suppose 0 = -61*x + 62*x - 110. What is the remainder when x is divided by 37?
36
Let j = -141 + 312. What is the remainder when j is divided by 59?
53
Calculate the remainder when (3 - 7)/(-8)*152 is divided by 6.
4
Suppose 24 = 9*o - 7*o. Suppose 2*l = 2*u, -3*u + 0*l = 3*l - o. Calculate the remainder when u is divided by 1.
0
Let f = 16 + -10. Let l be ((-3)/f)/(2/(-8)). What is the remainder when 38 is divided by 0 - (-13)/2*l?
12
Let l(n) = -2*n**2 - 176*n - 1621. Calculate the remainder when l(-75) is divided by ((-4)/(-2))/((-4)/(-110)).
54
Suppose 104 = 4*p - 2*a, 141 = 5*p + 3*a - 0*a. Calculate the remainder when 183 is divided by p.
21
Suppose -2*c + 2*o + 4 = 0, c + 0*c + 2*o - 5 = 0. Let a(l) = -l**3 + l**2 + 3. Let q be a(3). Let f = -10 - q. What is the remainder when f is divided by c?
2
Let p(b) be the third derivative of b**6/120 - b**5/60 + 13*b**3/6 + 16*b**2. Calculate the remainder when p(0) is divided by 4 - (1*-1 - 0).
3
Suppose 110 = -5*a + 315. Let w = 148 - 127. Calculate the remainder when a is divided by w.
20
Suppose -5*g = -3*h - 132, -2*h - 133 = -10*g + 5*g. Calculate the remainder when 269 is divided by g.
26
Calculate the remainder when 124 is divided by 51 + 2*(0 - 1).
26
Let b(c) be the second derivative of 19*c**4/3 - c**3/3 - c. Suppose -15 = 3*x - 18. What is the remainder when b(x) is divided by 25?
24
Calculate the remainder when 327 is divided by (-7 - 1) + (33 - -8).
30
Suppose -5*j + 6*j = 66. Let a be 39/(-33) - (-12)/j. Calculate the remainder when (-1)/((-8)/(-10) + a) is divided by 4.
1
Suppose 0 = 93*s - 97*s + 24. Calculate the remainder when 173 is divided by s.
5
Let g(v) = 10*v - 1. Let l be g(6). Suppose -9 = -4*q + l. Let n(h) = -h**2 + 6*h + 1. What is the remainder when q is divided by n(5)?
5
Let l(v) = 2*v**3 - 3*v**2 + 2*v + 3. Let n be l(3). Suppose 2*x + n - 1 = 3*g, -4*g - 2*x = -28. Calculate the remainder when 41 is divided by g.
5
Let z be ((-4)/(-3))/(400/(-204) - -2). Suppose 4*m + 10 - z = 0. Calc